ors of t?
479
Suppose 0 = -46*u + 218*u - 5733620. What are the prime factors of u?
5, 59, 113
Let w(y) = 740*y**2 - 231*y + 453. What are the prime factors of w(2)?
13, 227
Suppose 2*f = 2*w - f - 83, -4*w - 5*f + 199 = 0. Suppose -4*z = 42*m - w*m - 772, -3*m = -9. What are the prime factors of z?
2, 7
Suppose 2*l - 4*x = 112732, -33*l + 37*l - 2*x = 225476. List the prime factors of l.
2, 3, 5, 1879
Suppose -26 = -b - 2*b - 4*y, 3*b - 34 = -2*y. Let o(h) be the second derivative of h**4/6 - 19*h**3/6 - 4*h**2 + 23*h + 3. What are the prime factors of o(b)?
2, 59
Let d(z) be the third derivative of z**5/2 - z**4/12 - 5*z**3/6 - 178*z**2. Let t be (-1)/(-2) - (-10)/(-4). List the prime factors of d(t).
7, 17
Let k(n) = 60*n**3 + 2*n**2 - 4*n - 5. Let p be k(2). List the prime factors of (-138)/(p/(-200) + 3/8).
3, 23
Let n(p) = -37*p**3 + 8*p**2 - 28*p - 151. What are the prime factors of n(-6)?
8297
Let v(d) = -261*d + 21248. List the prime factors of v(0).
2, 83
Let u = 2264 - 2080. Let x = -90 + 217. Let k = u - x. What are the prime factors of k?
3, 19
Let i = -35684 + 69267. What are the prime factors of i?
11, 43, 71
Let r = 180 - 171. Let u(o) = 6*o**2 - 26*o + 45. What are the prime factors of u(r)?
3, 11
Let b(c) = 17*c + 36. Let u be b(-2). List the prime factors of (u*9/(-6))/(3/(-670)).
2, 5, 67
What are the prime factors of (42429/(-18))/(22/(-132))?
14143
Let m be ((-2)/(-7) - 0) + (-95)/(-35). Suppose 0 = -6*p + 2*p + 3*b - 19, -m*b = p + 1. List the prime factors of (44/(-33))/(p/6) + 80.
2, 41
Let n(t) = 59*t - 17. Let c be n(6). Let z = 569 - c. What are the prime factors of z?
2, 29
Suppose 5*y = -5*o + 18 + 7, 2*o - 5*y = 17. Let a(c) = c**3 - 2*c**2 + 3*c - 6. What are the prime factors of a(o)?
2, 3, 13
Let s be 1/2*(-48)/(-8). Suppose -4*r + 9 = -r, s*r = 4*g + 77. Let k(h) = h**3 + 16*h**2 - 23*h + 35. List the prime factors of k(g).
137
Let y(m) = 32*m - 92. Let n be y(3). Suppose n*u + t = -3*t + 456, 0 = u - 2*t - 114. What are the prime factors of u?
2, 3, 19
Suppose -b - 3580 = -11*b + 25650. List the prime factors of b.
37, 79
Suppose 5*z - 2*r + 7*r - 52985 = 0, 3*z + r - 31797 = 0. List the prime factors of z.
2, 5, 53
Let l = 38 + -40. Let k be (-9)/l + 3/6. What are the prime factors of (k + 7)/((5/3)/5)?
2, 3
Suppose 5*l - l = -3*a + 1684, -4*a + 2245 = 5*l. Let n = a - 296. List the prime factors of n.
2, 3, 11
Let d(t) = 152*t**2 - 120*t - 23. List the prime factors of d(3).
5, 197
Suppose -2*v = q + 3, 0 = 9*q - 7*q + 2*v. Suppose q*l = -24*f + 28*f - 4857, f - 1224 = 4*l. What are the prime factors of f?
2, 3, 101
Let x(g) = -g**3 + 10*g**2 - 19*g - 14. Let u be x(7). Suppose 11*p + 272 - 2307 = u. What are the prime factors of p?
5, 37
Suppose -17*i - s + 38909 = -13*i, -2*i = -s - 19459. Suppose 12*p - 2428 = i. What are the prime factors of p?
1013
Suppose 91*l - 287867 - 369699 = 0. List the prime factors of l.
2, 3613
Suppose -96*v + 342072 = -72*v. List the prime factors of v.
3, 4751
List the prime factors of (-110)/165*(-732495)/10.
47, 1039
Let m = -29 + 32. Suppose -5*n + 927 = -4*v, 0*n + v + 552 = m*n. Suppose 0*w + 3*w - n = -4*p, -4*p + 69 = w. List the prime factors of w.
3, 19
Suppose 524 - 403 = 11*j. Suppose 0 = j*k - 13*k + 2550. List the prime factors of k.
3, 5, 17
Let u(h) = 83*h - 79. List the prime factors of u(4).
11, 23
Let c(b) = -875*b - 388. What are the prime factors of c(-3)?
2237
Let v = 11 - 8. Suppose -2*z = v*z - 95. Suppose -9*g - z = -73. What are the prime factors of g?
2, 3
Suppose -2*g + 3*g - 510 = 0. Suppose g = -7*s + 3247. List the prime factors of s.
17, 23
Suppose 63473 = 25*n - 34302. List the prime factors of n.
3911
Suppose 5*x + 0*x = 30. Suppose r = 2*t + 20 - x, -3*r + 2*t = -30. Suppose -4*i = -r*i + 88. List the prime factors of i.
2, 11
Let b(r) = -6*r - 6. Let l(u) = u. Let z(h) = -2*b(h) - 10*l(h). Let o be z(-6). Suppose -2*s + 6*s - 364 = o. List the prime factors of s.
7, 13
Let g(y) = -y**2 + 18*y - 30. Let z be g(16). Let l(u) = 13*u**2 - 32 - 30*u**2 - 4*u + 18*u**z. List the prime factors of l(15).
7, 19
What are the prime factors of (9/2)/((-352)/(-792000))?
3, 5
Let g(p) = p**3 - 33*p**2 - 26*p + 223. List the prime factors of g(37).
3, 1579
Suppose 17*r - 14*r = 2*x - 48628, 3*x - 72921 = r. What are the prime factors of x?
5, 4861
Let z be 4/3 + (-2)/6. Let a = -37564 + 37518. Let p = z - a. What are the prime factors of p?
47
Let d(b) = -345*b + 10878. What are the prime factors of d(-117)?
3, 19, 29, 31
Suppose -1 = 19*n - 18*n. Let t be -38*(n/3)/(14/42). Suppose -b = 2*a - 5 - t, -2*a + 28 = -4*b. What are the prime factors of a?
2, 5
Let q(s) = -22*s + 6*s - 18 + 25 + 40. What are the prime factors of q(-21)?
383
Let a = 86442 + -49462. List the prime factors of a.
2, 5, 43
Let m = 79 + -54. Let g = 209 + -197. What are the prime factors of (g/10 + (-5)/m)*173?
173
Suppose 14*c - 65 = 61. Suppose -3*k + 2*o = -1028, c*k - 3*o = 11*k - 694. What are the prime factors of k?
2, 43
Let h = -88 + 92. Suppose -755 = -h*f - f + 2*t, -154 = -f + t. List the prime factors of f.
149
Suppose -136*a = 5110 - 2726198. What are the prime factors of a?
2, 41, 61
Let y(r) = 329*r**2 - 5*r - 2. Let v(x) = -2*x**2 + 16*x + 17. Let a be v(9). What are the prime factors of y(a)?
2, 83
Let i(p) be the first derivative of -p**3/3 + 33*p**2/2 - 50*p + 81. What are the prime factors of i(25)?
2, 3, 5
Let a(z) be the third derivative of z**4/8 + 19*z**3/3 + 74*z**2. What are the prime factors of a(-12)?
2
Let y(r) = r**3 - 14*r**2 - 3*r + 26. Let q be 1/3 - 656/(-48). Let d be y(q). Let i(k) = 2*k**2 + 22*k - 28. List the prime factors of i(d).
2, 3, 11
Suppose -16*n = -11*n + f - 335203, 2*f = 6*n - 402218. What are the prime factors of n?
7, 61, 157
Suppose 0 = -54*t + 3318928 - 927646. What are the prime factors of t?
3, 29, 509
Suppose r = -5*k - 2, -2*k = -5*r - 0*k + 71. Let v = r - -154. Let s = v - -70. List the prime factors of s.
3, 79
Suppose -4*b - 2*z + 202466 = 0, 2*b - 101243 = 5*z - 4*z. List the prime factors of b.
3, 47, 359
Suppose -y = -z + 795, y + 863 = -4*z + 4018. List the prime factors of (z/12)/((-6)/(-36)).
5, 79
Let d(f) = 201*f**3 - 11*f**2 + 175*f + 15. List the prime factors of d(7).
2, 23, 757
Suppose -4*w - 3*z = -57969, -3*w + 8*w - 72447 = z. List the prime factors of w.
2, 3, 5, 7, 23
Let k be (2 - 1)*5*199. Let i be 640/(-160)*(0 - 7/4). Suppose -601 = -i*g + k. What are the prime factors of g?
2, 3, 19
Let l(k) = -21*k - 54. Let z be (-39 + -1)/((-23)/46). Let q = 70 - z. List the prime factors of l(q).
2, 3, 13
Let j(v) = -v - 24. Let x be j(-24). List the prime factors of (5 - (-2 + x)) + 1011.
2, 509
What are the prime factors of ((-45)/9 + -12576)/(-1)?
23, 547
Let q = 127 + -133. List the prime factors of (2920/q)/((-86)/129).
2, 5, 73
Suppose 5 + 21 = c + 4*u, 5*u = 25. Let p be (-2)/(-6) + 249/9. Suppose -c*x = x - p. What are the prime factors of x?
2
Suppose 19*s = 5*s + 2016. Let r = s + -54. What are the prime factors of r?
2, 3, 5
Suppose 150009 = 19*o - 167861. What are the prime factors of o?
2, 5, 7, 239
Let r(c) = 399*c**2 - 83*c + 69. List the prime factors of r(-6).
3, 7, 79
Suppose 0 = -2*o + 3*u + 10488, 0 = -29*o + 32*o - 4*u - 15730. List the prime factors of o.
2, 3, 97
Suppose 5*g = -4*h + 18566, 5*g - 765 = 3*h - 14707. List the prime factors of h.
2, 3, 43
Suppose 5*l = 3*y + 96539, 20*y - 57933 = -3*l + 17*y. What are the prime factors of l?
19309
Let p be 3/12 - 2646/8*-1. Let u = p + -20. List the prime factors of u.
311
Let p(k) = -85*k**3 + 5*k**2 + 5*k + 4. Let n be p(-3). Let b = n + -1566. Suppose 0 = 9*u - b - 695. What are the prime factors of u?
2, 3
Suppose 21*n - 26*n = -75. Suppose -3 = q - n. What are the prime factors of -60*(-30)/q + -3 + 0?
3, 7
Suppose 17 = u + 12. Suppose -3*i - 2*d = -6*i - 240, 4*d + 422 = -u*i. Let l = 164 + i. What are the prime factors of l?
2, 41
Let p(c) = c**2 - 11*c + 7. Let n be p(8). Let x(q) = q**2 + 22*q + 37. Let w be x(n). What are the prime factors of -115*(w/10 - -4)?
2, 23
Suppose -2 + 5 = -a, 5*h = 5*a + 65. Suppose h*t = 13*t. List the prime factors of -2 - t - 23*(-2)/2.
3, 7
Let p = -10974 + 17265. List the prime factors of p.
3, 2